{"id":2755,"date":"2023-10-31T15:52:14","date_gmt":"2023-10-31T15:52:14","guid":{"rendered":"http:\/\/localhost\/indostio\/?post_type=product&#038;p=2755"},"modified":"2024-11-29T07:24:57","modified_gmt":"2024-11-29T07:24:57","slug":"tl18e","status":"publish","type":"product","link":"https:\/\/www.mini-koparki.eu.com\/index.php\/produkt\/tl18e\/","title":{"rendered":"TL18E"},"content":{"rendered":"<p><b>Specyfikacja techniczna:<\/b><\/p>\n<p>\u2013 ci\u0119\u017car roboczy 1800 kg<\/p>\n<p>\u2013 skr\u0119tne rami\u0119<\/p>\n<p>\u2013 \u0142y\u017cka z z\u0119bami 300 mm<\/p>\n<p>\u2013 silnik Briggs&Stratton Euro 5 \/ 23 KM<\/p>\n<p>\u2013 wytrzyma\u0142em, gumowe g\u0105sienice<\/p>\n<p>\u2013 szybko z\u0142\u0105cze u\u0142atwiaj\u0105ce monta\u017c osprz\u0119tu<\/p>\n<p>\u2013 pr\u0119dko\u015b\u0107 1,5 km\/h<\/p>\n<p><b>Wyposa\u017cenie opcjonalne:<\/b><\/p>\n<p><b>\u2013 \u0142y\u017cka z z\u0119bami 500mm\/600mm\/800mm<\/b><\/p>\n<p><b>\u2013 \u0142y\u017cka skarpowa 800mm<\/b><\/p>\n<p><b>\u2013 chwytak do drewna, \u015bmieci itp<\/b><\/p>\n<p><b>\u2013 hak do korzeni<\/b><\/p>\n<p><b>\u2013 z\u0105b zrywaj\u0105cy<\/b><\/p>\n<p><b>\u2013 grabie<\/b><\/p>\n<p><b>\u2013 wiertnica do ziemi<br \/>\n<\/b><\/p>\n<p><b>\u2013 szybko z\u0142\u0105cze mechaniczne\/hydrauliczne<\/b><\/p>\n<p><b>\u2013 kabina z ogrzewaniem<\/b><\/p>\n","protected":false},"excerpt":{"rendered":"<p>Titan TL 18E wytrzyma\u0142a i solidna koparka przeznaczona do prac budowlanych, ziemnych i ogrodowych.<\/p>\n","protected":false},"featured_media":3365,"template":"","meta":[],"product_brand":[],"product_cat":[17],"product_tag":[33,38,42],"class_list":{"0":"post-2755","1":"product","2":"type-product","3":"status-publish","4":"has-post-thumbnail","6":"product_cat-bez-kategorii","7":"product_tag-factory","8":"product_tag-industry","9":"product_tag-oil-gas","11":"first","12":"instock","13":"shipping-taxable","14":"product-type-simple"},"_links":{"self":[{"href":"https:\/\/www.mini-koparki.eu.com\/index.php\/wp-json\/wp\/v2\/product\/2755","targetHints":{"allow":["GET"]}}],"collection":[{"href":"https:\/\/www.mini-koparki.eu.com\/index.php\/wp-json\/wp\/v2\/product"}],"about":[{"href":"https:\/\/www.mini-koparki.eu.com\/index.php\/wp-json\/wp\/v2\/types\/product"}],"wp:featuredmedia":[{"embeddable":true,"href":"https:\/\/www.mini-koparki.eu.com\/index.php\/wp-json\/wp\/v2\/media\/3365"}],"wp:attachment":[{"href":"https:\/\/www.mini-koparki.eu.com\/index.php\/wp-json\/wp\/v2\/media?parent=2755"}],"wp:term":[{"taxonomy":"product_brand","embeddable":true,"href":"https:\/\/www.mini-koparki.eu.com\/index.php\/wp-json\/wp\/v2\/product_brand?post=2755"},{"taxonomy":"product_cat","embeddable":true,"href":"https:\/\/www.mini-koparki.eu.com\/index.php\/wp-json\/wp\/v2\/product_cat?post=2755"},{"taxonomy":"product_tag","embeddable":true,"href":"https:\/\/www.mini-koparki.eu.com\/index.php\/wp-json\/wp\/v2\/product_tag?post=2755"}],"curies":[{"name":"wp","href":"https:\/\/api.w.org\/{rel}","templated":true}]}}