{"id":3156,"date":"2024-09-27T14:46:11","date_gmt":"2024-09-27T14:46:11","guid":{"rendered":"https:\/\/www.mini-koparki.eu.com\/?post_type=product&#038;p=3156"},"modified":"2024-11-29T07:32:08","modified_gmt":"2024-11-29T07:32:08","slug":"tl20e","status":"publish","type":"product","link":"https:\/\/www.mini-koparki.eu.com\/index.php\/produkt\/tl20e\/","title":{"rendered":"TL20E"},"content":{"rendered":"<p><b>Specyfikacja techniczna:<\/b><\/p>\n<p>\u2013 ci\u0119\u017car roboczy 2000 kg<\/p>\n<p>\u2013 skr\u0119tne rami\u0119<\/p>\n<p>\u2013 \u0142y\u017cka z z\u0119bami 300 mm<\/p>\n<p>\u2013 silnik Kubota Euro 5<\/p>\n<p>\u2013 wytrzyma\u0142em, gumowe g\u0105sienice<\/p>\n<p>\u2013 szybko z\u0142\u0105cze u\u0142atwiaj\u0105ce monta\u017c osprz\u0119tu<\/p>\n<p>\u2013 pr\u0119dko\u015b\u0107 1,5 km\/h<\/p>\n<p><b>Wyposa\u017cenie opcjonalne:<\/b><\/p>\n<p><b>\u2013 \u0142y\u017cka z z\u0119bami 500mm\/600mm\/800mm<\/b><\/p>\n<p><b>\u2013 \u0142y\u017cka skarpowa 800mm<\/b><\/p>\n<p><b>\u2013 chwytak do drewna, \u015bmieci itp<\/b><\/p>\n<p><b>\u2013 hak do korzeni<\/b><\/p>\n<p><b>\u2013 z\u0105b zrywaj\u0105cy<\/b><\/p>\n<p><b>\u2013 grabie<\/b><\/p>\n<p><b>\u2013 wiertnica do ziemi<br \/>\n<\/b><\/p>\n<p><b>\u2013 szybko z\u0142\u0105cze mechaniczne\/hydrauliczne<\/b><\/p>\n<p><b>\u2013 kabina z ogrzewaniem<\/b><\/p>\n","protected":false},"excerpt":{"rendered":"<p>Titan TL 20 E wytrzyma\u0142a i solidna koparka przeznaczona do prac budowlanych, ziemnych i ogrodowych. Prosta i solidna budowa zapewnia d\u0142ug\u0105 i bezproblemow\u0105 eksploatacj\u0119.<\/p>\n","protected":false},"featured_media":3368,"template":"","meta":[],"product_brand":[],"product_cat":[17],"product_tag":[33,38,42],"class_list":{"0":"post-3156","1":"product","2":"type-product","3":"status-publish","4":"has-post-thumbnail","6":"product_cat-bez-kategorii","7":"product_tag-factory","8":"product_tag-industry","9":"product_tag-oil-gas","11":"first","12":"instock","13":"shipping-taxable","14":"product-type-simple"},"_links":{"self":[{"href":"https:\/\/www.mini-koparki.eu.com\/index.php\/wp-json\/wp\/v2\/product\/3156","targetHints":{"allow":["GET"]}}],"collection":[{"href":"https:\/\/www.mini-koparki.eu.com\/index.php\/wp-json\/wp\/v2\/product"}],"about":[{"href":"https:\/\/www.mini-koparki.eu.com\/index.php\/wp-json\/wp\/v2\/types\/product"}],"wp:featuredmedia":[{"embeddable":true,"href":"https:\/\/www.mini-koparki.eu.com\/index.php\/wp-json\/wp\/v2\/media\/3368"}],"wp:attachment":[{"href":"https:\/\/www.mini-koparki.eu.com\/index.php\/wp-json\/wp\/v2\/media?parent=3156"}],"wp:term":[{"taxonomy":"product_brand","embeddable":true,"href":"https:\/\/www.mini-koparki.eu.com\/index.php\/wp-json\/wp\/v2\/product_brand?post=3156"},{"taxonomy":"product_cat","embeddable":true,"href":"https:\/\/www.mini-koparki.eu.com\/index.php\/wp-json\/wp\/v2\/product_cat?post=3156"},{"taxonomy":"product_tag","embeddable":true,"href":"https:\/\/www.mini-koparki.eu.com\/index.php\/wp-json\/wp\/v2\/product_tag?post=3156"}],"curies":[{"name":"wp","href":"https:\/\/api.w.org\/{rel}","templated":true}]}}